et l(h) = 146239*h - 2047359. What is l(14)?
-13
Let i(k) = 8*k**3 + 189*k**2 + 261*k - 303. What is i(-22)?
247
Let b(l) = -104*l**2 - 196*l + 574. Calculate b(3).
-950
Let w(i) = 158*i**2 - 30*i - 125. Give w(-4).
2523
Let n(o) = 122*o**2 - 487*o - 188. Give n(4).
-184
Let h(u) = 18*u**2 + 147*u + 78. Determine h(-8).
54
Let x(k) = -k**3 + 128*k**2 - 1061*k - 1181. Determine x(119).
9
Let q(o) = -15*o**2 + 2500*o + 680. Calculate q(167).
-155
Let b(g) = -142*g**3 - 1845*g**2 + 229*g + 2821. Determine b(-13).
13
Let p(w) = 13475*w - 26908. What is p(2)?
42
Let f(y) = -95854*y + 479355. Determine f(5).
85
Let r(k) = -7*k**2 - 401*k - 1608. Calculate r(-4).
-116
Let s(x) = -1358*x - 1073. Give s(-1).
285
Let g(k) = k**2 + 3719*k + 1221231. What is g(-364)?
11
Let a(h) = 942*h**2 + 12247*h - 2. Determine a(-13).
-15
Let t(m) = 39713*m + 2621061. What is t(-66)?
3
Let b(u) = -u**3 + 167*u**2 + 2356*u - 2893. What is b(180)?
-13
Let h(a) = -6*a**3 - 16*a**2 + 107*a - 263. Calculate h(4).
-475
Let i(h) = 9*h**3 - 530*h**2 + 454*h + 580. Determine i(58).
0
Let p(g) = g**3 - 5*g**2 - 68*g + 389. Calculate p(18).
3377
Let r(a) = 326*a + 27091. Give r(-84).
-293
Let j(v) = v**3 - 318*v**2 + 4549*v - 1238. Calculate j(303).
-26
Let f(r) = -r**3 - 76*r**2 - 1304*r - 208. Give f(-50).
-8
Let a(q) = -8620*q - 8616. What is a(-1)?
4
Let t(m) = -81*m**2 - 861*m + 17. Determine t(-12).
-1315
Let t(y) = 305*y**3 - 1814*y**2 - 90*y - 24. Determine t(6).
12
Let p(r) = -34688*r - 312054. Calculate p(-9).
138
Let q(f) = 865912*f + 8659127. Give q(-10).
7
Let i(w) = 15*w**3 + 2*w**2 + 20*w - 48. Determine i(3).
435
Let k(r) = 43*r - 5308. Calculate k(122).
-62
Let i(t) = 487*t - 1480. Determine i(3).
-19
Let i(f) = -2*f**3 + 376*f**2 - 4550*f + 61. Give i(175).
61
Let k(p) = 278*p**2 + 8980*p + 2667. What is k(-32)?
-21
Let n(p) = 3*p**2 - 2164*p + 360407. Calculate n(261).
-34
Let g(v) = -v**3 + 13*v**2 - 2006*v + 28283. Give g(14).
3
Let i(x) = x**3 + 109*x**2 + 510*x - 1212. Give i(-104).
-172
Let u(c) = -c**3 - 36*c**2 + 89*c + 4366. Give u(-35).
26
Let m(d) = 42960*d + 214814. Determine m(-5).
14
Let m(k) = -2*k**3 - 51*k**2 - 169*k - 9. Calculate m(-3).
93
Let w(y) = y**3 + 579*y**2 - 4050*y - 275. What is w(7)?
89
Let s(p) = 7*p**3 - 4221*p**2 - p + 495. Determine s(603).
-108
Let r(u) = 20*u**2 + 2505*u - 18537. Determine r(7).
-22
Let s(p) = p**2 + 646*p - 12825. What is s(19)?
-190
Let d(w) = 1972*w**2 + 2*w + 9. Determine d(0).
9
Let r(m) = 3192*m - 171362. Give r(54).
1006
Let u(x) = -11*x**2 + 474*x + 24120. Give u(73).
103
Let j(b) = -913*b - 102234. Determine j(-112).
22
Let i(v) = -v**3 + 168*v**2 + 510*v - 57627. Give i(169).
2
Let a(c) = -9*c**2 + 830*c - 1769. Determine a(90).
31
Let c(b) = 3*b**3 + 8*b**2 - 519*b - 4008. Give c(-8).
-880
Let g(i) = 9949*i - 218979. Give g(22).
-101
Let l(o) = 60383*o - 25119331. What is l(416)?
-3
Let u(m) = -229*m**2 - 85*m + 83. Determine u(1).
-231
Let q(l) = l**3 + 12*l**2 - 253*l - 954. Determine q(13).
-18
Let t(o) = -236*o + 3050. Give t(13).
-18
Let g(d) = 737*d + 2145. Give g(-3).
-66
Let s(c) = -19*c**3 + 71*c**2 - 6*c + 19. What is s(5)?
-611
Let r(x) = -25*x**2 - 2*x + 718. Determine r(0).
718
Let c(l) = 22209*l - 199958. Give c(9).
-77
Let z(f) = 1069*f + 5456. What is z(-5)?
111
Let l(j) = 315*j + 1815. Determine l(-3).
870
Let s(y) = 102*y - 7801. Calculate s(75).
-151
Let u(h) = 977*h**2 - 4117*h + 840. Give u(4).
4
Let a(m) = -1956*m - 661130. Determine a(-338).
-2
Let f(h) = h**2 + 31*h - 22711. What is f(116)?
-5659
Let o(h) = 5*h**3 + 59*h**2 + 54*h - 21. Determine o(-11).
-131
Let u(n) = -n**3 + 197*n**2 - 2056*n + 1875. What is u(186)?
15
Let s(l) = 11*l**2 + 997*l + 3489. Give s(-87).
9
Let v(d) = -1114*d**2 - 1066*d - 5. Determine v(-1).
-53
Let l(v) = -104*v**2 + 3424*v - 18884. What is l(7)?
-12
Let b(d) = d**3 - 532*d**2 - 42859*d + 27722. Calculate b(603).
-16
Let y(a) = -72*a**2 - 57747*a - 57747. Give y(-1).
-72
Let f(l) = 3*l**3 + 6*l**2 - 104*l + 1. Calculate f(4).
-127
Let s(o) = 16*o**2 + 1326*o - 6567. Calculate s(-87).
-825
Let f(z) = 376935*z - 1130769. What is f(3)?
36
Let o(b) = -86*b**3 - 35085*b**2 + 1222*b - 842. Calculate o(-408).
-26
Let x(g) = -3954*g - 30072. What is x(-8)?
1560
Let b(n) = -1734*n**2 - 1964626*n - 4534. What is b(-1133)?
-2
Let k(u) = -12*u**3 - 9*u**2 - 15*u + 7. Give k(-2).
97
Let s(p) = -p**2 + 533*p - 34722. What is s(457)?
10
Let v(r) = -2*r**3 - 276*r**2 - 307*r - 4394. What is v(-137)?
127
Let h(k) = 236*k + 15102. Determine h(-64).
-2
Let u(d) = 423*d**2 + 1281*d + 70. Give u(-3).
34
Let q(p) = -82*p**2 + 54*p + 319. What is q(-6)?
-2957
Let x(f) = -16*f**2 - 155*f - 85. Give x(-3).
236
Let i(k) = -323*k + 13754. Determine i(37).
1803
Let j(n) = -2*n**2 - 18111*n + 2295115. Calculate j(125).
-10
Let o(p) = 1522*p + 126540. What is o(-83)?
214
Let b(u) = 24*u + 6012. Determine b(-242).
204
Let v(y) = -452*y - 3340. Determine v(-7).
-176
Let g(o) = 2141*o - 92202. Determine g(43).
-139
Let a(w) = -529*w - 69304. Determine a(-131).
-5
Let k(j) = 5*j**2 + 15*j - 565. Calculate k(-8).
-365
Let h(n) = -2*n**2 + 285*n - 3485. Determine h(129).
-2
Let a(k) = -k**3 - 48*k**2 - 438*k - 13628. Determine a(-45).
7
Let a(w) = -9*w**2 + 183*w - 608. What is a(5)?
82
Let k(w) = 410*w - 588766. What is k(1436)?
-6
Let s(j) = -j**2 - 6718*j + 155185. Calculate s(23).
142
Let r(z) = -38*z**3 - 1636*z**2 - 97*z - 142. What is r(-43)?
331
Let n(r) = -44*r**2 + 163*r + 169. Calculate n(-1).
-38
Let x(t) = -3*t**3 - 55*t**2 - 156*t - 5125. Give x(-20).
-5
Let l(n) = -n**2 - 842*n + 383755. What is l(328)?
-5
Let w(v) = v**2 - 94*v - 2314. What is w(-22)?
238
Let x(o) = 8*o**3 - 79*o**2 - 296*o + 2850. What is x(10)?
-10
Let o(h) = 2037*h + 186885. Calculate o(-92).
-519
Let k(c) = -5075*c - 7282624. Calculate k(-1435).
1
Let m(i) = -30423*i + 30730. What is m(1)?
307
Let z(b) = -21*b**3 + 66*b**2 - 206*b + 1. Calculate z(5).
-2004
Let t(g) = -859*g - 226787. What is t(-264)?
-11
Let z(g) = g**3 + 245*g**2 - 987*g + 2774. Calculate z(-249).
533
Let s(i) = -916*i + 14869. Give s(16).
213
Let x(s) = 152*s - 1264. Calculate x(12).
560
Let s(i) = -i**2 + 398*i - 18807. Calculate s(55).
58
Let m(r) = 22*r**3 - 43*r**2 - 273*r + 2. Determine m(-5).
-2458
Let u(o) = -54046*o + 1783527. Give u(33).
9
Let q(p) = -1827*p - 20050. What is q(-11)?
47
Let c(r) = 3588*r + 229317. Calculate c(-64).
-315
Let h(g) = g**2 - 28742*g - 1237734. Calculate h(-43).
21
Let k(v) = -5*v**2 + 22*v - 26. Calculate k(10).
-306
Let x(t) = 2199*t + 18029. Calculate x(-8).
437
Let x(s) = 5*s**2 + 65*s + 139. Determine x(-2).
29
Let v(d) = -11463*d - 1593374. What is v(-139)?
-17
Let t(h) = -3023*h + 60106. Calculate t(20).
-354
Let i(u) = -13*u**3 - 3*u**2 - 405*u + 1627. Give i(4).
-873
Let d(h) = -8*h**2 + 312*h - 34. Determine d(41).
-690
Let k(o) = -2*o**2 + 987*o - 120136. What is k(275)?
39
Let f(j) = -2506*j + 13226. Give f(5).
696
Let x(m) = -m**3 + 63*m**2 - 111*m - 164. Determine x(61).
507
Let y(d) = 245*d**2 + 47756*d - 3792. Determine y(-195).
-87
Let w(a) = 2*a**3 - 157*a**2 - 775*a + 54991. Give w(79).
7
Let a(i) = 39*i**2 + 650*i + 2305. Determine a(-5).
30
Let z(p) = -5*p**2 - 817*p + 7737. What is z(9)?
-21
Let p(z) = -3*z**2 - 210135*z + 840583. What is p(4)?
-5
Let m(x) = x**3 - 950*x**2 - 445*x - 1388979. Calculate m(952).
-11
Let d(n) = 408*n - 65279. Give d(160).
1
Let a(k) = -451127*k + 451122. Give a(1).
-5
Let n(w) = -w**2 - 15363*w + 153735. Give n(10).
5
Let v(x) = -x**3 - 22*x**2 + 109*x - 784. What is v(-26)?
-914
Let l(c) = 643829*c + 2575286. Calculate l(-4).
-30
Let x(i) = 2*i**3 + 121*i**2 + 2489*i + 165853. What is x(-62)?
3
Let w(k) = 31*k**2 + 89*k + 54. What is w(-2)?
0
Let v(y) = -y**3 + 122*y**2 + 1427*y - 131510. Calculate v(125).
-10
Let r(a) = -50598*a + 354173. Determine r(7).
-13
Let q(a) = 59*a**2 - 1104*a - 23. Calculate q(20).
1497
Let q(j) = j**2 - 1150*j - 39003. Calculate q(-33).
36
Let d(t) = 9*t**2 + 559*t + 3441. Determine d(-55).
-79
Let r(k) = 7*k**2 - 131*k - 168. Calculate r(13).
-688
Let v(y) = 2*y**3 - 15*y**2 - 20*y + 201. What is v(4)?
9
Let c(m) = -214*m + 10040. Give c(47).
-18
Let p(o) = -268*o - 31570. Give p(-118).
54
Let h(v